{"id":4484,"date":"2025-02-06T15:41:15","date_gmt":"2025-02-06T13:41:15","guid":{"rendered":"https:\/\/artsani-energy.ro\/?post_type=product&#038;p=4484"},"modified":"2025-02-06T15:41:15","modified_gmt":"2025-02-06T13:41:15","slug":"invertor-huawei-sun2000-17ktl-m2-hc-17-kw-on-grid-trifazat","status":"publish","type":"product","link":"https:\/\/artsani-energy.ro\/shop\/product\/invertor-huawei-sun2000-17ktl-m2-hc-17-kw-on-grid-trifazat\/","title":{"rendered":"Invertor HUAWEI SUN2000-17KTL-M2 HC 17 kW On Grid Trifazat"},"content":{"rendered":"<p><strong>Invertor on-grid trifazat Huawei SUN2000-17KTL-M2 HC (high current), Wlan, 4G, 17 kW<\/strong><\/p>\n<p><strong>Invertor Huawei SUN2000-17KTL-M2 HC (high current)<\/strong>\u00a0este un invertor trifazat de ultima genera\u021bie, utilizat at\u00e2t pentru construc\u021bii reziden\u021biale \u0219i este echipat cu un sistem special de securitate care previne defectarea arcului \u00een caz de deteriorare a sistemului. Cre\u0219terea randamentului invertorului este posibil\u0103 prin folosirea\u00a0optimizatorului Huawei SUN2000-450W-P.<\/p>\n<p>Acesta este prev\u0103zut cu dou\u0103 trackere MPPT, eficien\u021ba maxim\u0103 a acestuia fiind de 98,65%. Aceste aspecte ajut\u0103 la conectarea direct\u0103, nefiind nevoie de achizi\u021bionarea unor echipamente separate sau de realizarea unor ajust\u0103ri. Conexiune Wlan este posibila prin folosirea unui\u00a0Huawei Smart Dongle WLan. De asemenea este compatibil cu o conexiune 4G prin intermediul unui\u00a0Huawei Dongle 4G.<\/p>\n<p>Sistemul controlat de AI cu care este prev\u0103zut acest invertor garanteaz\u0103 rezisten\u021ba la defec\u021biunile de arc, sistemul oprindu-se automat \u00een 2 secunde \u00een cazul apari\u021biei unei astfel de defec\u021biuni. Interfa\u021ba web \u0219i afi\u0219ajul LED fac, de asemenea, ca acest invertor s\u0103 fie utilizat cu mare u\u0219urin\u021b\u0103.<\/p>\n","protected":false},"excerpt":{"rendered":"<p><strong>Invertor Huawei SUN2000-17KTL-M2 HC (high current)<\/strong>\u00a0este un invertor trifazat de ultima genera\u021bie, utilizat at\u00e2t pentru construc\u021bii reziden\u021biale \u0219i este echipat cu un sistem special de securitate care previne defectarea arcului \u00een caz de deteriorare a sistemului. Cre\u0219terea randamentului invertorului este posibil\u0103 prin folosirea\u00a0optimizatorului Huawei SUN2000-450W-P.<\/p>\n","protected":false},"featured_media":4485,"template":"","meta":{"_jet_sm_ready_style":"","_jet_sm_style":"","_jet_sm_controls_values":"","_jet_sm_fonts_collection":"","_jet_sm_fonts_links":""},"product_brand":[],"product_cat":[41],"product_tag":[],"tip-sistem":[71],"_detalii-produse-taxonomy":[69],"class_list":{"0":"post-4484","1":"product","2":"type-product","3":"status-publish","4":"has-post-thumbnail","6":"product_cat-invertoare","7":"tip-sistem-on-grid","8":"_detalii-produse-taxonomy-trifazat","9":"sales-flash-overlay","10":"woocommerce-text-align-center","11":"woocommerce-image-align-center","12":"do-quantity-buttons","13":"wc-has-gallery","15":"first","16":"instock","17":"taxable","18":"shipping-taxable","19":"purchasable","20":"product-type-simple"},"_links":{"self":[{"href":"https:\/\/artsani-energy.ro\/shop\/wp-json\/wp\/v2\/product\/4484","targetHints":{"allow":["GET"]}}],"collection":[{"href":"https:\/\/artsani-energy.ro\/shop\/wp-json\/wp\/v2\/product"}],"about":[{"href":"https:\/\/artsani-energy.ro\/shop\/wp-json\/wp\/v2\/types\/product"}],"wp:featuredmedia":[{"embeddable":true,"href":"https:\/\/artsani-energy.ro\/shop\/wp-json\/wp\/v2\/media\/4485"}],"wp:attachment":[{"href":"https:\/\/artsani-energy.ro\/shop\/wp-json\/wp\/v2\/media?parent=4484"}],"wp:term":[{"taxonomy":"product_brand","embeddable":true,"href":"https:\/\/artsani-energy.ro\/shop\/wp-json\/wp\/v2\/product_brand?post=4484"},{"taxonomy":"product_cat","embeddable":true,"href":"https:\/\/artsani-energy.ro\/shop\/wp-json\/wp\/v2\/product_cat?post=4484"},{"taxonomy":"product_tag","embeddable":true,"href":"https:\/\/artsani-energy.ro\/shop\/wp-json\/wp\/v2\/product_tag?post=4484"},{"taxonomy":"tip-sistem","embeddable":true,"href":"https:\/\/artsani-energy.ro\/shop\/wp-json\/wp\/v2\/tip-sistem?post=4484"},{"taxonomy":"_detalii-produse-taxonomy","embeddable":true,"href":"https:\/\/artsani-energy.ro\/shop\/wp-json\/wp\/v2\/_detalii-produse-taxonomy?post=4484"}],"curies":[{"name":"wp","href":"https:\/\/api.w.org\/{rel}","templated":true}]}}